common divisor of z and 22.
11
Let u = 13 - 10. Suppose 0 = u*p - 7 - 35. Calculate the greatest common divisor of p and 28.
14
Let h(i) = -3*i**3 - 1. Let v be h(-2). Let n = -11 + v. Suppose -6*c = -86 - 22. Calculate the highest common divisor of c and n.
6
Let b be (-2)/(-11) - 2065/(-77). Let k be 4/(-18) + 9267/b. Suppose -133 = -4*x + k. Calculate the greatest common factor of 17 and x.
17
Suppose 160 = 3*b + 23*t - 19*t, -5*t = 10. Calculate the highest common factor of b and 154.
14
Suppose 20 = -0*y - 4*y. Let m(r) = -2*r**3 - 4*r + r**3 - 11 - 2*r**2 + 6*r + 18. Let x be m(y). What is the highest common divisor of 18 and x?
18
Let n(k) = k**2 + 9*k + 129 + 0*k - 150. Let g be n(-12). Let o be -10*(2 - 7/2). What is the highest common factor of g and o?
15
Let g = -15 + 24. Let k = 11 - g. Calculate the highest common divisor of 16 and k.
2
Let f be (-4)/(-6) + (-19)/((-228)/88). What is the greatest common divisor of f and 8?
8
Let c be (-3)/(0 - -3)*-16. Let i(t) = 9*t**3 - 5*t**3 + 4 + t**2 - 4*t + t. Let f be i(3). Calculate the greatest common factor of f and c.
16
Suppose q - g = 29 + 162, q - 183 = -g. Suppose 2*f + q = 3*f. What is the greatest common factor of f and 17?
17
Let h = -574 + 974. What is the highest common factor of h and 125?
25
Let n(r) = 14*r**2 - 2*r + 1. Let o = 37 - 36. Let g be n(o). Calculate the highest common divisor of 13 and g.
13
Suppose b - 78 = 20. What is the greatest common divisor of b and 42?
14
Let u be (1/(-2))/((-12)/(-336)). Let k = 25 + u. Calculate the highest common divisor of 11 and k.
11
Let r(y) = -y**3 + 6*y**2 + 17*y - 4. Let v be r(8). Suppose -3*h = -v*h + 11. What is the highest common factor of 55 and h?
11
Let v be 1358/10 - (-2)/10. Calculate the greatest common factor of 16 and v.
8
Suppose 2*y - 515 = -513. Let n = -8 - -10. Calculate the highest common factor of n and y.
1
Let z = 15 - 25. Let c = 15 + z. Suppose 0*l + 150 = c*l. What is the greatest common factor of l and 6?
6
Let s be 1*(0/1 - -1). Let g be (1 - -1 - 1)*(-6)/(-6). Suppose -c - 4*q + 24 = 0, q = -5*c + 6*c + g. What is the greatest common factor of c and s?
1
Suppose 198*a - 189*a - 360 = 0. Calculate the highest common divisor of 1280 and a.
40
Let y be (6/2 - 1) + (296 - 179). What is the greatest common divisor of 49 and y?
7
Let j = -62 + 66. Suppose -j*u + 6*u = 16. Let x be (-2 - -1 - -66) + -1. Calculate the greatest common factor of x and u.
8
Suppose 2218 = -8*g + 17914. Calculate the highest common divisor of g and 18.
18
Let r = -293 - -429. Let o(l) = -89*l - 1. Let t be o(-3). Let y = t - r. Calculate the highest common divisor of 52 and y.
26
Suppose 17*d - 18*d = 2*v - 12, -3*d - v + 51 = 0. What is the greatest common factor of 174 and d?
6
Let b(d) = d**2 - 17*d + 88. Let p be b(4). Calculate the highest common factor of 333 and p.
9
Let d be -83 + 80 - (-4208)/1. What is the highest common factor of 145 and d?
145
Suppose -4*a = -478 + 30. Suppose 91 = 4*c - 253. Suppose 0 = -2*b + a + c. What is the greatest common divisor of b and 11?
11
Let j(r) = -r**2 + 18*r + 18. Suppose 0 = 5*o - 78 - 12. Let k be j(o). Calculate the highest common divisor of k and 2.
2
Let i = 79 + -201. Let r = i + 133. Calculate the greatest common divisor of 143 and r.
11
Let d(u) = u - 7 - 2*u**2 + 16 - 3 + 11. Let x be d(0). What is the highest common factor of 85 and x?
17
Let y = 327 + -236. What is the greatest common divisor of y and 52?
13
Let u = -45 - -66. Let m = -6 + u. What is the highest common divisor of 15 and m?
15
Suppose 0 = 3*j - 0*j - 3*v - 9, 3*v = 3. What is the highest common factor of j and 3?
1
Let c be 84/18 + -4 - (-3460)/12. Let x be (2 - (-10)/4)*100. Let u = x - c. Calculate the highest common factor of 23 and u.
23
Let i be (-990)/(-60) + 2/((-4)/3). Suppose -j = 11*o - 8*o, -4*o = j + 1. Calculate the highest common factor of j and i.
3
Let o = 91 + -63. Let w(q) = 9*q**2 - 2*q - 4. Let a be w(2). Calculate the greatest common divisor of a and o.
28
Suppose q - 65 = -0*q. Suppose -2*o - 182 = -9*o. Calculate the highest common divisor of q and o.
13
Let d = 29 + -13. Let s(p) = 46*p**2 - d*p**2 + 25*p**2 + 1. Let v be s(1). Calculate the highest common factor of 7 and v.
7
Let b(x) = 0*x + 10 + 2*x - 3*x + 2*x. Let c be b(6). Calculate the highest common factor of c and 24.
8
Let a(x) = -x**2 + 50*x - 443. Let o be a(12). What is the greatest common divisor of 1222 and o?
13
Suppose -5*l - 2*p + 12 - 2 = 0, -3*p - 7 = 2*l. Suppose -l*x + 98 = 26. Let j(u) = 14*u**2 - 2. Let g be j(-2). Calculate the highest common factor of g and x.
18
Let z(b) = b**2 + 1 + b + 1 - 11*b. Let u be z(9). Let a = 15 + u. Calculate the highest common factor of a and 8.
8
Let w be (6 - 2) + 56/2. What is the highest common factor of 2 and w?
2
Let n(d) = d**2 + 27*d - 315. Let l be n(-39). Calculate the highest common factor of 85 and l.
17
Let x be 270/(-4)*644/(-35). Calculate the greatest common factor of x and 54.
54
Suppose -109 - 31 = -4*x. Let y be (-2)/7 - (-90)/21. Suppose -2*h = -4*g + 36, -11 + 30 = 5*g + y*h. What is the greatest common divisor of x and g?
7
Suppose -76*y = 133 - 1805. Let f be 878/4 + (-1)/(-2). Suppose -8*w + f = -3*w. Calculate the highest common divisor of y and w.
22
Let m(w) = -24*w - w**2 + 13 - 3*w + 3*w**2. Let j = -253 + 271. Let n be m(j). Calculate the highest common divisor of 25 and n.
25
Let s(g) = g**3 - 5*g**2 - 6*g + 24. Let m be s(6). Let j(h) = -157*h - 2. Let f be j(-2). What is the highest common divisor of f and m?
24
Suppose a = 2*y - 51 - 57, 5*a + 45 = y. Calculate the highest common divisor of y and 15.
5
Suppose -65 - 315 = 4*w. Let k be (w/(-10))/(3/6). Calculate the greatest common factor of k and 209.
19
Suppose 5 = h - 0. Suppose 22*u + 200 = 27*u. Calculate the highest common factor of u and h.
5
Suppose 4*p = c - 36, 17 + 55 = 2*c + 5*p. Let q be -9 - 1 - (0 + -1). Let t = c + q. What is the highest common factor of t and 108?
27
Suppose -981*j = -982*j + 78. Calculate the greatest common divisor of 2886 and j.
78
Let t be (-1)/(-5) + 356/20. What is the highest common divisor of 153 and t?
9
Let r(a) = -a**3 + 2*a**2 - 4*a - 12. Let i be r(-3). Calculate the greatest common factor of i and 495.
45
Suppose 43*x - 40*x = 306. What is the highest common factor of x and 153?
51
Let l = 92 + -93. Let x be 46 + (-15)/(-5) + l. What is the highest common factor of x and 192?
48
Suppose -5*b - 1305 = -5*a, -13*a - 523 = -15*a + 3*b. Suppose -3*c - 104 - 95 = -4*u, 0 = 4*u - 4*c - 196. Calculate the greatest common factor of a and u.
52
Let b(l) = 2*l**2 - 17*l - 7. Let d be b(9). Suppose 0 = 4*t + 3*j - 217 - 108, -160 = -2*t - d*j. What is the highest common divisor of t and 5?
5
Let v(p) be the second derivative of 0 - 1/2*p**3 - 2*p + 7/2*p**2. Let y be v(-3). What is the highest common divisor of 144 and y?
16
Let l be 24*(2 - (-3)/(-2)). Let o = l - 7. Let j(i) = -48*i - 296. Let d be j(-7). Calculate the highest common divisor of d and o.
5
Suppose -q + 3*a + 63 = 0, q - 67 = 3*a + a. Let g be (-3 + q - 2) + 4. What is the highest common divisor of g and 10?
10
Let n(i) = -i**2 - 2*i - 2. Let j be n(-3). Let g(p) = -8*p - 7. Let u be g(j). Calculate the greatest common factor of u and 33.
33
Let s = 113 + -48. Let m be 333/54 - (-1)/(-6). Suppose 48 = 3*i - 3*b, m*b + 2 = -i + b. What is the greatest common factor of i and s?
13
Let v = -567 - -708. What is the greatest common factor of v and 94?
47
Let l be (-15)/(-9) + (1/1)/3. Suppose -2*c + 4*y = -6, -4*y = -l*c - 3*y + 15. Let f be 3*1*2/6. Calculate the greatest common factor of f and c.
1
Let i be 2/((0 + 1)/(10 + -6)). Suppose 0 = -7*r + i*r - 48. What is the greatest common factor of 6 and r?
6
Let v(m) = 22*m - 119. Let i be v(11). What is the greatest common divisor of i and 41?
41
Let w be -4 + (4/(-2))/(-2). Let r = 7 + w. Suppose r*h + 3*q - 56 = -0*q, -28 = -2*h - 2*q. Calculate the greatest common factor of h and 140.
14
Suppose 5*p - 4*g - 501 = 0, p - 2*g - 408 = -3*p. Suppose -146 - 3 = -5*k - f, 3*f + 153 = 5*k. What is the highest common divisor of p and k?
15
Let u(z) = -3*z**3 - z + 9*z**2 - 17*z**2 + 2*z. Let d be u(-3). Calculate the greatest common divisor of